test common divisor of c and n.
5
Suppose 5*h + 5*b = 230, 8*b = 2*h + 7*b - 92. What is the highest common factor of h and 23?
23
Let r(l) = l**2 - 16*l - 28. Let b be r(18). Suppose -s = -t + 12, s + 7 + 35 = 4*t. Let k = t - 2. What is the greatest common divisor of k and b?
8
Let f(z) = z**3 + z**2 + z. Let u be f(0). Suppose -3*n + 0*n + 147 = u. Calculate the greatest common factor of n and 7.
7
Let w = -262 - -494. Calculate the greatest common factor of w and 29.
29
Let v = 75 - 62. Calculate the highest common divisor of v and 26.
13
Let d(k) = -k**3 - 7*k**2 - 10*k - 7. Let j be d(-7). Calculate the highest common divisor of 9 and j.
9
Suppose h + 3*j - 18 = j, -j + 20 = h. Calculate the highest common divisor of 44 and h.
22
Let c(p) = 3*p - 19. Let m be c(23). What is the highest common divisor of 30 and m?
10
Let h = 2 - 3. Let z be 1 - ((-11 - 0) + h). Suppose -2*d + 0*k + 48 = -k, -d = -4*k - 10. What is the greatest common factor of d and z?
13
Suppose -4*n = -5*w + 367, -3*n = 3*w + 443 - 134. Let p = n + 218. What is the greatest common factor of 15 and p?
15
Suppose 0 = 5*c + 2*y - 6, -4*y - 4 = 4. Suppose 3 - 5 = m. Let f = m + 10. What is the highest common divisor of c and f?
2
Let u be 4 + -23 - (0 - -2). Let d = 43 + u. What is the greatest common divisor of 33 and d?
11
Let s = -61 + 151. Calculate the greatest common factor of s and 10.
10
Let b = -6 - -6. Suppose 4*x = -b*a - 2*a - 4, 3*a = 3*x + 12. Suppose a*w = 4*z + 10, -3*w + 2*z + 13 = -2*z. What is the greatest common factor of w and 3?
3
Suppose -b - 51 = u - 4*u, -15 = 5*b. Let q(d) = d**3 + 12*d**2 + 9*d + 14. Let x be q(-9). What is the highest common factor of u and x?
16
Let j(s) = s**3 + s**2 + s + 1. Let z be j(-1). Suppose z = -l - 2*x + 7, -4*l = -x - 28 - 9. What is the highest common divisor of l and 45?
9
Let r = -5 - 2. Let f be 1*10 - (5 + r). What is the highest common factor of f and 6?
6
Let y = 163 - 109. What is the greatest common divisor of 36 and y?
18
Let g(o) = -7*o + 2 - 3*o**2 + 2 + 5*o**2. Let f be g(5). Let w(m) = -27*m - 2. Let i be w(-5). Calculate the highest common factor of f and i.
19
Let t(l) = -l**3 + 3*l**2 + 3*l - 3. Let p be t(3). Suppose 4*w - 22 - 162 = -2*f, 3*w - 2*f - 152 = 0. Calculate the greatest common factor of p and w.
6
Let u = -12 + 15. Let p be (-6 + 1)/((-1)/u). Calculate the highest common factor of 45 and p.
15
Suppose -c - 3*c + 3*n + 17 = 0, 0 = 5*c + 4*n + 2. Suppose 3*v - 28 = -2*h, 55 + 15 = 5*h - 5*v. What is the highest common divisor of c and h?
2
Let v(f) = 5*f + 7. Let z be v(5). Let m = 7 - 2. Suppose 0 = -5*s + s - 12, -m*h - 3*s = -71. Calculate the greatest common divisor of h and z.
16
Let d = 553 - 314. Suppose 67 = 2*a - d. Calculate the greatest common divisor of a and 17.
17
Let m(d) = 11*d - 7. Let a be m(5). Suppose 0 = 5*f - 7 - a. Suppose 3*r + 35 = 134. Calculate the greatest common factor of f and r.
11
Let g = 89 - 124. Let m be ((-1)/(-5))/((-7)/g). Suppose -17 = -2*x + m. Calculate the highest common factor of x and 99.
9
Let d = -1 - -6. Suppose 2*f - 13 - d = 0. Suppose 2*y + 4 = 0, -2*y + 163 + 238 = 5*t. What is the highest common divisor of f and t?
9
Suppose 3*n + 5*h = -25, 4*h = 5*n - h - 25. Let q be (n - (-1 + -4))*13. What is the highest common factor of 26 and q?
13
Suppose -4*w - 5*h = 4 - 3, 5*w + 2*h = 20. Let u be w/2*(-93)/9. Let m = u - -70. What is the highest common divisor of m and 13?
13
Let p be -1*(-1 + 3 + 6). Let v be (-6)/(-4)*p/(-3). Suppose v*h - 15 = 41. What is the greatest common divisor of h and 28?
14
Let h be -3 + 18 - (-6)/2. Let w be 22 + (h/3)/(-3). Calculate the highest common divisor of 8 and w.
4
Let v be (4/(-6))/((-1)/24). What is the highest common factor of v and 176?
16
Let m = -3 + 3. Let g be m + 22 + 2/(-1). Let b = -20 - -28. Calculate the greatest common divisor of g and b.
4
Suppose -3*g = 6 - 24. Suppose 12 = k + 2*k. Calculate the highest common divisor of k and g.
2
Let n = 27 + -15. Let z be 96 + (1 - 1 - 0). What is the greatest common factor of n and z?
12
Let r = 169 - 121. Let f be (-26 - -4)*(-1)/(-2). Let j = f + 17. Calculate the greatest common divisor of j and r.
6
Suppose -6*r + 1 = -41. Let k = -73 - -129. What is the greatest common factor of k and r?
7
Let u be 20/28 - (-6)/21. Suppose -3*w + 0*b + u = 5*b, -2*b + 4 = 3*w. What is the highest common divisor of w and 20?
2
Suppose 33 = -2*j + 145. Let a be 162/21 - (-4)/14. Calculate the highest common factor of a and j.
8
Suppose -2*s = -35 - 49. Suppose h + 2*h - s = 0. Let a be (1 + -1)*-1 - -14. Calculate the greatest common divisor of a and h.
14
Let z be (-2 - -2)/2*1. Let u(b) = -b + 13. Let d be u(z). Suppose -170 = -2*a + 4*l, -2*a - 4*l - 443 = -7*a. What is the greatest common divisor of a and d?
13
Let v(x) = -17*x + 1. Let s be v(-3). Calculate the highest common divisor of 13 and s.
13
Let p be -2*(-2 + 4)*1. Let b = p + 3. Let d be (2 + b)/((-1)/(-19)). Calculate the highest common divisor of d and 133.
19
Let n(r) = -r**2 - 11*r**3 + r**2 + r**2. Let c be n(-1). What is the highest common divisor of 108 and c?
12
Let h = 4 - -4. What is the highest common factor of h and 64?
8
Let m = -5 + 3. Let w be (m/6)/((-7)/147). What is the greatest common factor of 35 and w?
7
Suppose 2*p - 42 = 3*x, 6*p - 3*p - 63 = -x. Let c(w) = -2*w. Let s be c(-1). Let y be (1 + 1/2)*s. Calculate the highest common divisor of y and p.
3
Suppose 0 = -0*q + q - 7. Let g be 6/(-21) - (-282)/q. Let i = g - 20. What is the greatest common factor of i and 60?
20
Suppose 0*y - 4*v - 56 = -4*y, -3 = 3*v. Suppose 6*k - 3*k = -g - y, -g - 5*k = 21. Let q = g - -5. What is the highest common divisor of q and 4?
4
Let w = -13 - -15. Suppose -w*u + 0 = -6. What is the greatest common factor of u and 2?
1
Let s = -35 - -39. Calculate the greatest common factor of 4 and s.
4
Suppose -5*k - c = -154, 5*k - 2*c - 170 = -7*c. Let y = 210 - k. Calculate the highest common divisor of 18 and y.
18
Suppose 0*d = 5*c - 3*d + 155, 2*c + 2*d = -62. Let o = -30 - -11. Let x = o - c. Calculate the greatest common factor of 12 and x.
12
Let z be (-1)/((-1)/((-8)/(-1))). Let g be (-2 + (-34)/(-10))*5. Suppose 2*h - g*h = -440. What is the highest common divisor of h and z?
8
Let w(v) = -v**2 - 5*v + 14. Let t be w(-6). Suppose 16 = 2*o + 4*q, -q - 2 = -0. Calculate the highest common divisor of o and t.
4
Let i = 24 - 9. Calculate the greatest common factor of 15 and i.
15
Suppose 4*u - 920 = -u. Let l(a) = 8*a - 1. Let c be l(3). Calculate the greatest common factor of u and c.
23
Let v be 2/(-4)*(2 + -2). Let w be 2/4*v + 50. Suppose -4*r + 4*t = -76, -3*t - 1 = r - 24. Calculate the highest common factor of r and w.
10
Let k(w) = w + 8. Let l be k(0). Suppose -q - 4*y + 200 = 4*q, -3*q + 5*y = -120. What is the highest common divisor of l and q?
8
Let y(p) = -105*p**2 + 1. Let i be y(1). Let n be 8/12 + i/(-6). Suppose -x + 168 = 2*u, x + u = -3*u + 174. What is the greatest common factor of x and n?
18
Let c be 1*(-2)/2 - 2. Let x be 3/(3/13) - c. What is the highest common divisor of x and 144?
16
Suppose 8 = -4*r + 6*r. Let u be (10/(-8))/((-14)/504). Suppose 5*n - 17 = 3*t - u, t - 21 = r*n. Calculate the highest common factor of 2 and t.
1
Suppose 3*o + 4 = -2. Let l be -1 - o/((-6)/(-93)). Suppose 4*q - 34 = l. Calculate the highest common divisor of q and 32.
16
Suppose -5*x = 2*o - 60, -5*x - 4*o = -22 - 38. Suppose 3*c = 11*c - 1056. Calculate the greatest common divisor of c and x.
12
Suppose -3*t = -6*t + 651. Suppose t + 13 = 2*o. Calculate the greatest common factor of o and 23.
23
Suppose 2*u + 5 = 7*u. Calculate the greatest common factor of u and 2.
1
Let u(l) = 2*l**2 + 8*l + 9. Let f be u(-5). Calculate the greatest common divisor of 19 and f.
19
Let m be (3 - -4) + 0 + -3. Let p be -42*m/((-12)/1). Suppose 2*a + 2 = -b - 1, 3*b - 6 = -3*a. What is the greatest common factor of b and p?
7
Let b(h) = 4*h - 8. Let z be b(6). Let c be z + (-1 - -1) + -2. What is the highest common factor of 21 and c?
7
Let n(t) = t + 6. Let b be n(6). Calculate the greatest common divisor of b and 4.
4
Let c = 25 - 19. Suppose -2*v - 3*v + 75 = 0. What is the highest common factor of v a